{"id":16,"date":"2022-07-31T21:35:40","date_gmt":"2022-07-31T21:35:40","guid":{"rendered":"https:\/\/jasminemurga.com\/?page_id=16"},"modified":"2024-05-27T20:04:35","modified_gmt":"2024-05-27T20:04:35","slug":"tab-1","status":"publish","type":"page","link":"https:\/\/jasminemurga.com\/","title":{"rendered":"Inicio"},"content":{"rendered":"\t\t<div data-elementor-type=\"wp-page\" data-elementor-id=\"16\" class=\"elementor elementor-16\">\n\t\t\t\t\t\t<section class=\"elementor-section elementor-top-section elementor-element elementor-element-fe93b23 elementor-section-boxed elementor-section-height-default elementor-section-height-default\" data-id=\"fe93b23\" data-element_type=\"section\" data-e-type=\"section\">\n\t\t\t\t\t\t<div class=\"elementor-container elementor-column-gap-default\">\n\t\t\t\t\t<div class=\"elementor-column elementor-col-100 elementor-top-column elementor-element elementor-element-293884f\" data-id=\"293884f\" data-element_type=\"column\" data-e-type=\"column\">\n\t\t\t<div class=\"elementor-widget-wrap elementor-element-populated\">\n\t\t\t\t\t\t<div class=\"elementor-element elementor-element-38ce307 elementor-widget elementor-widget-heading\" data-id=\"38ce307\" data-element_type=\"widget\" data-e-type=\"widget\" data-widget_type=\"heading.default\">\n\t\t\t\t<div class=\"elementor-widget-container\">\n\t\t\t\t\t<h1 class=\"elementor-heading-title elementor-size-default\"><h2 data-elementor-setting-key=\"title\" data-pen-placeholder=\"Type Here...\" style=\"font-style: normal;letter-spacing: normal;text-align: center\">Hola. Me alegra que est\u00e9s aqu\u00ed.<\/h2><\/h1>\t\t\t\t<\/div>\n\t\t\t\t<\/div>\n\t\t\t\t\t<\/div>\n\t\t<\/div>\n\t\t\t\t\t<\/div>\n\t\t<\/section>\n\t\t\t\t<section class=\"elementor-section elementor-top-section elementor-element elementor-element-57cd835 elementor-section-boxed elementor-section-height-default elementor-section-height-default\" data-id=\"57cd835\" data-element_type=\"section\" data-e-type=\"section\">\n\t\t\t\t\t\t<div class=\"elementor-container elementor-column-gap-default\">\n\t\t\t\t\t<div class=\"elementor-column elementor-col-100 elementor-top-column elementor-element elementor-element-fa76a85\" data-id=\"fa76a85\" data-element_type=\"column\" data-e-type=\"column\">\n\t\t\t<div class=\"elementor-widget-wrap elementor-element-populated\">\n\t\t\t\t\t\t<div class=\"elementor-element elementor-element-34f2bfc elementor-widget elementor-widget-text-editor\" data-id=\"34f2bfc\" data-element_type=\"widget\" data-e-type=\"widget\" data-widget_type=\"text-editor.default\">\n\t\t\t\t<div class=\"elementor-widget-container\">\n\t\t\t\t\t\t\t\t\t<p>Me llamo Jasmine, soy psic\u00f3loga cl\u00ednica sanitaria y psicoterapeuta, y estoy especializada en trastornos del \u00e1nimo, problemas relacionales y de comunicaci\u00f3n, dificultades dentro de la pareja y\/o en la crianza de los ni\u00f1os, trastornos postraum\u00e1ticos y traumas complejos, trastornos de la personalidad, quejas psicosom\u00e1ticas, y temas relativos a la experiencia migratoria y al manejo de diferencias culturales. Hablo <b>castellano, franc\u00e9s, e ingl\u00e9s<\/b>, por lo que las sesiones se pueden llevar a cabo en el idioma que m\u00e1s convenga.<\/p>\t\t\t\t\t\t\t\t<\/div>\n\t\t\t\t<\/div>\n\t\t\t\t\t<\/div>\n\t\t<\/div>\n\t\t\t\t\t<\/div>\n\t\t<\/section>\n\t\t\t\t<section class=\"elementor-section elementor-top-section elementor-element elementor-element-d02a68a elementor-section-boxed elementor-section-height-default elementor-section-height-default\" data-id=\"d02a68a\" data-element_type=\"section\" data-e-type=\"section\">\n\t\t\t\t\t\t<div class=\"elementor-container elementor-column-gap-default\">\n\t\t\t\t\t<div class=\"elementor-column elementor-col-50 elementor-top-column elementor-element elementor-element-47aeb74\" data-id=\"47aeb74\" data-element_type=\"column\" data-e-type=\"column\">\n\t\t\t<div class=\"elementor-widget-wrap elementor-element-populated\">\n\t\t\t\t\t\t<div class=\"elementor-element elementor-element-31895f6 elementor-widget__width-initial elementor-widget elementor-widget-text-editor\" data-id=\"31895f6\" data-element_type=\"widget\" data-e-type=\"widget\" data-widget_type=\"text-editor.default\">\n\t\t\t\t<div class=\"elementor-widget-container\">\n\t\t\t\t\t\t\t\t\t<p>Te sientes insatisfechx<i> <\/i>o estancadx en alguna o varias esferas de tu vida? Quiz\u00e1s incluso tengas la impresi\u00f3n de haber ca\u00eddo hasta el fondo de un pozo? O por el contrario, se te da bien mantener las apariencias, siempre cumpliendo con lo que se espera de ti, pero por dentro sientes un vac\u00edo o ansiedad persistente que no te deja tranquilx? \u00c9stos son algunos ejemplos de los motivos por los que la gente solicita mis servicios.<\/p><p>Tambi\u00e9n ayudo a parejas y familias que est\u00e1n en crisis o pasando por ciertas dificultades, a salir de los bucles negativos en los que se encuentran atrapados y a restaurar la confianza y el di\u00e1logo. Otras veces mi labor es facilitar separaciones o apoyar a mis pacientes en la redefinici\u00f3n de l\u00edmites m\u00e1s sanos en sus relaciones.<\/p><p>\u00a0<\/p>\t\t\t\t\t\t\t\t<\/div>\n\t\t\t\t<\/div>\n\t\t\t\t\t<\/div>\n\t\t<\/div>\n\t\t\t\t<div class=\"elementor-column elementor-col-50 elementor-top-column elementor-element elementor-element-87e94a7\" data-id=\"87e94a7\" data-element_type=\"column\" data-e-type=\"column\">\n\t\t\t<div class=\"elementor-widget-wrap elementor-element-populated\">\n\t\t\t\t\t\t<div class=\"elementor-element elementor-element-d5736fb elementor-widget__width-initial elementor-widget elementor-widget-image\" data-id=\"d5736fb\" data-element_type=\"widget\" data-e-type=\"widget\" data-widget_type=\"image.default\">\n\t\t\t\t<div class=\"elementor-widget-container\">\n\t\t\t\t\t\t\t\t\t\t\t\t\t\t\t<img fetchpriority=\"high\" decoding=\"async\" width=\"684\" height=\"740\" src=\"https:\/\/jasminemurga.com\/wp-content\/uploads\/2024\/01\/WhatsApp-Image-2024-01-21-at-10.24.43-AM-5-e1705870356220.jpeg\" class=\"attachment-medium_large size-medium_large wp-image-1463\" alt=\"\" srcset=\"https:\/\/jasminemurga.com\/wp-content\/uploads\/2024\/01\/WhatsApp-Image-2024-01-21-at-10.24.43-AM-5-e1705870356220.jpeg 684w, https:\/\/jasminemurga.com\/wp-content\/uploads\/2024\/01\/WhatsApp-Image-2024-01-21-at-10.24.43-AM-5-e1705870356220-277x300.jpeg 277w\" sizes=\"(max-width: 684px) 100vw, 684px\" \/>\t\t\t\t\t\t\t\t\t\t\t\t\t\t\t<\/div>\n\t\t\t\t<\/div>\n\t\t\t\t\t<\/div>\n\t\t<\/div>\n\t\t\t\t\t<\/div>\n\t\t<\/section>\n\t\t\t\t<section class=\"elementor-section elementor-top-section elementor-element elementor-element-01722e8 elementor-section-boxed elementor-section-height-default elementor-section-height-default\" data-id=\"01722e8\" data-element_type=\"section\" data-e-type=\"section\">\n\t\t\t\t\t\t<div class=\"elementor-container elementor-column-gap-default\">\n\t\t\t\t\t<div class=\"elementor-column elementor-col-100 elementor-top-column elementor-element elementor-element-3154290\" data-id=\"3154290\" data-element_type=\"column\" data-e-type=\"column\">\n\t\t\t<div class=\"elementor-widget-wrap elementor-element-populated\">\n\t\t\t\t\t\t<div class=\"elementor-element elementor-element-af38e53 elementor-widget elementor-widget-text-editor\" data-id=\"af38e53\" data-element_type=\"widget\" data-e-type=\"widget\" data-widget_type=\"text-editor.default\">\n\t\t\t\t<div class=\"elementor-widget-container\">\n\t\t\t\t\t\t\t\t\t<p><span style=\"font-size: 14px; letter-spacing: 0px;\">En cualquier caso, dar este primer paso hacia el cambio cuesta, y es normal. Lo s\u00e9 por experiencia propia como paciente, ya que he hecho a\u00f1os de terapia personal. <\/span><span style=\"font-size: 14px; letter-spacing: 0px;\">De hecho, considero que es de suma importancia para cualquier profesional en este \u00e1mbito haber hecho un trabajo profundo de introspecci\u00f3n y estar en un proceso continuo de exploraci\u00f3n interna y actualizaci\u00f3n. <\/span><span style=\"font-size: 14px; letter-spacing: 0px;\"><br><\/span><\/p>\n<p><span style=\"font-size: 14px; letter-spacing: 0px;\">A<span style=\"font-size: 14px; letter-spacing: 0px;\"> pesar de que ir a terapia est\u00e1 cada vez menos estigmatizado, <\/span>una de las razones por las que nos podemos echar para atr\u00e1s a la hora de pedir ayuda profesional es que <\/span><span style=\"font-size: 14px; letter-spacing: 0px;\">a veces es tentador y humano querer aferrarse a lo familiar, incluso cuando lo familiar rime con sufrimiento, ya que lo conocido <\/span><span style=\"font-size: 14px; letter-spacing: 0px;\"><span style=\"font-size: 14px; letter-spacing: 0px;\">puede ser muy reconfortante <\/span>.<br><\/span><\/p>\n<p><span style=\"font-size: 14px; letter-spacing: 0px;\">Tambi\u00e9n est\u00e1 a\u00fan muy arraigada la creencia de que nuestros bloqueos psicoemocionales son meramente el resultado de una falta de fuerza de voluntad y que basta con simplemente proponerse cambiar o &#8220;decidir pensar de forma m\u00e1s positiva&#8221; para que esto ocurra.<\/span><span style=\"font-size: 14px; letter-spacing: 0px;\"> Es un tipo de discurso muy presente en la psicolog\u00eda popular, reforzado por valores individualistas y una positividad que tiende a menudo a ser m\u00e1s bien evitativa<\/span><span style=\"font-size: 14px; letter-spacing: 0px;\"> que realmente eficaz a la larga.<\/span><span style=\"font-size: 14px; letter-spacing: 0px;\"><br><\/span><\/p>\n<p><span style=\"font-size: 14px; letter-spacing: 0px;\"><span style=\"font-size: 14px; letter-spacing: 0px;\">Ojal\u00e1 fuera as\u00ed de f\u00e1cil, p<\/span><\/span><span style=\"font-size: 14px; letter-spacing: 0px;\"><span style=\"font-size: 14px; letter-spacing: 0px;\">ero como cualquier cosa que merece la pena en esta vida, no hay luz sin sombra. <\/span><\/span><span style=\"font-size: 14px; letter-spacing: 0px;\"><span style=\"font-size: 14px; letter-spacing: 0px;\">S\u00f3lo <\/span><\/span><span style=\"font-size: 14px; letter-spacing: 0px;\"><span style=\"font-size: 14px; letter-spacing: 0px;\"><span style=\"font-size: 14px; letter-spacing: 0px;\"><span style=\"font-size: 14px; letter-spacing: 0px;\">enfrentando nuestras inseguridades, nuestros miedos, o limitaciones podemos empezar a sanar de verdad. <\/span><\/span>Como bien dice<\/span><\/span><span style=\"font-size: 14px; letter-spacing: 0px;\"><span style=\"font-size: 14px; letter-spacing: 0px;\"> la famosa cita de Rumi, &#8220;the wound is the place where the light enters you&#8221; (la herida es aquel lugar por donde la luz entra en ti). <\/span><\/span><\/p>\n<p>Para mucha gente, esa es la parte del proceso terap\u00e9utico que m\u00e1s aprensi\u00f3n genera. Y es totalmente entendible. Est\u00e1 el temor de abrir una caja de Pandora y no ser capaz de volver a cerrarla. La buena noticia es que no tienes que hacerlo solx<span style=\"font-size: 14px; letter-spacing: 0px;\"><span style=\"font-size: 14px; letter-spacing: 0px;\">. Ni tampoco por qu\u00e9 quitar la tapa de sopet\u00f3n.<\/span><\/span> <span style=\"font-size: 14px; letter-spacing: 0px;\"><span style=\"font-size: 14px; letter-spacing: 0px;\"><span style=\"font-size: 14px; letter-spacing: 0px;\"><span style=\"font-size: 14px; letter-spacing: 0px;\"><span style=\"font-size: 14px; letter-spacing: 0px;\">Estoy aqu\u00ed para ofrecerte un espacio seguro donde t\u00fa marcas el tempo, para acompa\u00f1arte en momentos dif\u00edciles, y cuando hace falta, para retarte en este proceso de cambio. Apoy\u00e1ndonos en tus fortalezas <\/span><\/span><\/span><\/span><\/span><span style=\"font-size: 14px; letter-spacing: 0px;\"><span style=\"font-size: 14px; letter-spacing: 0px;\"><span style=\"font-size: 14px; letter-spacing: 0px;\"><span style=\"font-size: 14px; letter-spacing: 0px;\"><span style=\"font-size: 14px; letter-spacing: 0px;\"><span style=\"font-size: 14px; letter-spacing: 0px;\">y cualidades \u00fanicas, te ayudar\u00e9<\/span><\/span><\/span><\/span><\/span><\/span> <span style=\"font-size: 14px; letter-spacing: 0px;\"><span style=\"font-size: 14px; letter-spacing: 0px;\"><span style=\"font-size: 14px; letter-spacing: 0px;\"><span style=\"font-size: 14px; letter-spacing: 0px;\"><span style=\"font-size: 14px; letter-spacing: 0px;\"><span style=\"font-size: 14px; letter-spacing: 0px;\">a ir a la ra\u00edz de lo que te ha estado <\/span><\/span><span style=\"font-size: 14px; letter-spacing: 0px;\">impidiendo vivir m\u00e1s plena y aut\u00e9nticamente.<\/span><\/span><\/span><\/span><\/span><\/p>\n<p>,<\/p>\t\t\t\t\t\t\t\t<\/div>\n\t\t\t\t<\/div>\n\t\t\t\t\t<\/div>\n\t\t<\/div>\n\t\t\t\t\t<\/div>\n\t\t<\/section>\n\t\t\t\t<section class=\"elementor-section elementor-top-section elementor-element elementor-element-011d2e2 elementor-section-boxed elementor-section-height-default elementor-section-height-default\" data-id=\"011d2e2\" data-element_type=\"section\" data-e-type=\"section\">\n\t\t\t\t\t\t<div class=\"elementor-container elementor-column-gap-default\">\n\t\t\t\t\t<div class=\"elementor-column elementor-col-100 elementor-top-column elementor-element elementor-element-e33bfb8\" data-id=\"e33bfb8\" data-element_type=\"column\" data-e-type=\"column\">\n\t\t\t<div class=\"elementor-widget-wrap elementor-element-populated\">\n\t\t\t\t\t\t<div class=\"elementor-element elementor-element-4e989ce elementor-widget elementor-widget-text-editor\" data-id=\"4e989ce\" data-element_type=\"widget\" data-e-type=\"widget\" data-widget_type=\"text-editor.default\">\n\t\t\t\t<div class=\"elementor-widget-container\">\n\t\t\t\t\t\t\t\t\t<p><i><b>&#8220;Tomar la responsabilidad de nuestra salud mental es sin duda el acto m\u00e1s transcendente que podamos hacer para mejorar la calidad de nuestras vidas y los que nos rodean, y el mejor legado que podamos dejar para las generaciones siguientes.&#8221;<\/b><\/i><\/p>\t\t\t\t\t\t\t\t<\/div>\n\t\t\t\t<\/div>\n\t\t\t\t\t<\/div>\n\t\t<\/div>\n\t\t\t\t\t<\/div>\n\t\t<\/section>\n\t\t\t\t<section class=\"elementor-section elementor-top-section elementor-element elementor-element-ca1993f elementor-section-boxed elementor-section-height-default elementor-section-height-default\" data-id=\"ca1993f\" data-element_type=\"section\" data-e-type=\"section\">\n\t\t\t\t\t\t<div class=\"elementor-container elementor-column-gap-default\">\n\t\t\t\t\t<div class=\"elementor-column elementor-col-100 elementor-top-column elementor-element elementor-element-551f5f7\" data-id=\"551f5f7\" data-element_type=\"column\" data-e-type=\"column\">\n\t\t\t<div class=\"elementor-widget-wrap elementor-element-populated\">\n\t\t\t\t\t\t<div class=\"elementor-element elementor-element-e47f83a elementor-align-center elementor-widget elementor-widget-button\" data-id=\"e47f83a\" data-element_type=\"widget\" data-e-type=\"widget\" data-widget_type=\"button.default\">\n\t\t\t\t<div class=\"elementor-widget-container\">\n\t\t\t\t\t\t\t\t\t<div class=\"elementor-button-wrapper\">\n\t\t\t\t\t<a class=\"elementor-button elementor-button-link elementor-size-xs\" href=\"https:\/\/jasminemurga.com\/?page_id=38\">\n\t\t\t\t\t\t<span class=\"elementor-button-content-wrapper\">\n\t\t\t\t\t\t\t\t\t<span class=\"elementor-button-text\">Saber M\u00e1s<\/span>\n\t\t\t\t\t<\/span>\n\t\t\t\t\t<\/a>\n\t\t\t\t<\/div>\n\t\t\t\t\t\t\t\t<\/div>\n\t\t\t\t<\/div>\n\t\t\t\t\t<\/div>\n\t\t<\/div>\n\t\t\t\t\t<\/div>\n\t\t<\/section>\n\t\t\t\t<section class=\"elementor-section elementor-top-section elementor-element elementor-element-40a6955 elementor-section-boxed elementor-section-height-default elementor-section-height-default\" data-id=\"40a6955\" data-element_type=\"section\" data-e-type=\"section\">\n\t\t\t\t\t\t<div class=\"elementor-container elementor-column-gap-default\">\n\t\t\t\t\t<div class=\"elementor-column elementor-col-100 elementor-top-column elementor-element elementor-element-bea9beb\" data-id=\"bea9beb\" data-element_type=\"column\" data-e-type=\"column\">\n\t\t\t<div class=\"elementor-widget-wrap elementor-element-populated\">\n\t\t\t\t\t\t<div class=\"elementor-element elementor-element-59b3ed8 elementor-widget elementor-widget-image\" data-id=\"59b3ed8\" data-element_type=\"widget\" data-e-type=\"widget\" data-widget_type=\"image.default\">\n\t\t\t\t<div class=\"elementor-widget-container\">\n\t\t\t\t\t\t\t\t\t\t\t\t\t\t\t<img decoding=\"async\" width=\"837\" height=\"331\" src=\"https:\/\/jasminemurga.com\/wp-content\/uploads\/2023\/01\/slider-default01-1024x405.png\" class=\"attachment-large size-large wp-image-173\" alt=\"\" srcset=\"https:\/\/jasminemurga.com\/wp-content\/uploads\/2023\/01\/slider-default01-1024x405.png 1024w, https:\/\/jasminemurga.com\/wp-content\/uploads\/2023\/01\/slider-default01-300x119.png 300w, https:\/\/jasminemurga.com\/wp-content\/uploads\/2023\/01\/slider-default01-768x304.png 768w, https:\/\/jasminemurga.com\/wp-content\/uploads\/2023\/01\/slider-default01-1536x608.png 1536w, https:\/\/jasminemurga.com\/wp-content\/uploads\/2023\/01\/slider-default01.png 1920w\" sizes=\"(max-width: 837px) 100vw, 837px\" \/>\t\t\t\t\t\t\t\t\t\t\t\t\t\t\t<\/div>\n\t\t\t\t<\/div>\n\t\t\t\t\t<\/div>\n\t\t<\/div>\n\t\t\t\t\t<\/div>\n\t\t<\/section>\n\t\t\t\t<section class=\"elementor-section elementor-top-section elementor-element elementor-element-cb7a029 elementor-section-boxed elementor-section-height-default elementor-section-height-default\" data-id=\"cb7a029\" data-element_type=\"section\" data-e-type=\"section\">\n\t\t\t\t\t\t<div class=\"elementor-container elementor-column-gap-default\">\n\t\t\t\t\t<div class=\"elementor-column elementor-col-100 elementor-top-column elementor-element elementor-element-2a7e2cf\" data-id=\"2a7e2cf\" data-element_type=\"column\" data-e-type=\"column\">\n\t\t\t<div class=\"elementor-widget-wrap elementor-element-populated\">\n\t\t\t\t\t\t<div class=\"elementor-element elementor-element-15eb01e elementor-widget elementor-widget-html\" data-id=\"15eb01e\" data-element_type=\"widget\" data-e-type=\"widget\" data-widget_type=\"html.default\">\n\t\t\t\t<div class=\"elementor-widget-container\">\n\t\t\t\t\t<a href=\"https:\/\/www.toppsicologos.com\/comunidad-de-madrid\/madrid\/psicologos\/jasmine-murga-vi\u00e8s?from=badge\"  title=\"Encu\u00e9ntrame en Top Psic\u00f3logos\" target=\"_blank\"><img decoding=\"async\" src=\"https:\/\/www.toppsicologos.com\/images\/memberbadge.png\" style=\"border: none;\"\/><\/a>\n                        \t\t\t\t<\/div>\n\t\t\t\t<\/div>\n\t\t\t\t\t<\/div>\n\t\t<\/div>\n\t\t\t\t\t<\/div>\n\t\t<\/section>\n\t\t\t\t<\/div>\n\t\t","protected":false},"excerpt":{"rendered":"<p>Hola. Me alegra que est\u00e9s aqu\u00ed. Me llamo Jasmine, soy psic\u00f3loga cl\u00ednica sanitaria y psicoterapeuta, y estoy especializada en trastornos del \u00e1nimo, problemas relacionales y de comunicaci\u00f3n, dificultades dentro de la pareja y\/o en la crianza de los ni\u00f1os, trastornos postraum\u00e1ticos y traumas complejos, trastornos de la personalidad, quejas psicosom\u00e1ticas, y temas relativos a la <a class=\"read-more\" href=\"https:\/\/jasminemurga.com\/\">READ MORE<\/a><\/p>\n","protected":false},"author":1,"featured_media":173,"parent":0,"menu_order":0,"comment_status":"closed","ping_status":"closed","template":"","meta":{"footnotes":""},"class_list":["post-16","page","type-page","status-publish","has-post-thumbnail","hentry"],"_links":{"self":[{"href":"https:\/\/jasminemurga.com\/index.php?rest_route=\/wp\/v2\/pages\/16","targetHints":{"allow":["GET"]}}],"collection":[{"href":"https:\/\/jasminemurga.com\/index.php?rest_route=\/wp\/v2\/pages"}],"about":[{"href":"https:\/\/jasminemurga.com\/index.php?rest_route=\/wp\/v2\/types\/page"}],"author":[{"embeddable":true,"href":"https:\/\/jasminemurga.com\/index.php?rest_route=\/wp\/v2\/users\/1"}],"replies":[{"embeddable":true,"href":"https:\/\/jasminemurga.com\/index.php?rest_route=%2Fwp%2Fv2%2Fcomments&post=16"}],"version-history":[{"count":826,"href":"https:\/\/jasminemurga.com\/index.php?rest_route=\/wp\/v2\/pages\/16\/revisions"}],"predecessor-version":[{"id":3789,"href":"https:\/\/jasminemurga.com\/index.php?rest_route=\/wp\/v2\/pages\/16\/revisions\/3789"}],"wp:featuredmedia":[{"embeddable":true,"href":"https:\/\/jasminemurga.com\/index.php?rest_route=\/wp\/v2\/media\/173"}],"wp:attachment":[{"href":"https:\/\/jasminemurga.com\/index.php?rest_route=%2Fwp%2Fv2%2Fmedia&parent=16"}],"curies":[{"name":"wp","href":"https:\/\/api.w.org\/{rel}","templated":true}]}}