{"id":37,"date":"2022-08-05T21:24:48","date_gmt":"2022-08-05T21:24:48","guid":{"rendered":"https:\/\/jasminemurga.com\/?page_id=37"},"modified":"2024-06-14T21:02:19","modified_gmt":"2024-06-14T21:02:19","slug":"servicios","status":"publish","type":"page","link":"https:\/\/jasminemurga.com\/?page_id=37","title":{"rendered":"Servicios y Tarifas"},"content":{"rendered":"\t\t<div data-elementor-type=\"wp-page\" data-elementor-id=\"37\" class=\"elementor elementor-37\">\n\t\t\t\t\t\t<section class=\"elementor-section elementor-top-section elementor-element elementor-element-866b800 elementor-section-boxed elementor-section-height-default elementor-section-height-default\" data-id=\"866b800\" data-element_type=\"section\" data-e-type=\"section\">\n\t\t\t\t\t\t<div class=\"elementor-container elementor-column-gap-default\">\n\t\t\t\t\t<div class=\"elementor-column elementor-col-100 elementor-top-column elementor-element elementor-element-845f447\" data-id=\"845f447\" data-element_type=\"column\" data-e-type=\"column\">\n\t\t\t<div class=\"elementor-widget-wrap elementor-element-populated\">\n\t\t\t\t\t\t<div class=\"elementor-element elementor-element-b459fc8 elementor-widget elementor-widget-text-editor\" data-id=\"b459fc8\" data-element_type=\"widget\" data-e-type=\"widget\" data-widget_type=\"text-editor.default\">\n\t\t\t\t<div class=\"elementor-widget-container\">\n\t\t\t\t\t\t\t\t\t<p dir=\"ltr\" style=\"line-height: 1.38; text-align: justify; margin-top: 0pt; margin-bottom: 0pt;\">A continuaci\u00f3n encontrar\u00e1s una descripci\u00f3n de las tres modalidades de servicios terap\u00e9uticos que ofrezco y las tarifas correspondientes. Cuando selecciones tu cita, puedes elegir si quieres acudir de forma<b> presencial u online<\/b>. Las videollamadas de teleterapia se realizan a trav\u00e9s de una plataforma segura llamada DocFav. La terapia online o teleterapia tiene muchas ventajas pero tambi\u00e9n algunos inconvenientes. No es apropiada si est\u00e1s por ejemplo experimentando s\u00edntomas psic\u00f3ticos de forma activa o experimentando una crisis que no puede ser tratada a distancia.<\/p><p dir=\"ltr\" style=\"line-height: 1.38; text-align: justify; margin-top: 0pt; margin-bottom: 0pt;\">\u00a0<\/p>\t\t\t\t\t\t\t\t<\/div>\n\t\t\t\t<\/div>\n\t\t\t\t\t<\/div>\n\t\t<\/div>\n\t\t\t\t\t<\/div>\n\t\t<\/section>\n\t\t\t\t<section class=\"elementor-section elementor-top-section elementor-element elementor-element-1522334 elementor-section-boxed elementor-section-height-default elementor-section-height-default\" data-id=\"1522334\" data-element_type=\"section\" data-e-type=\"section\">\n\t\t\t\t\t\t<div class=\"elementor-container elementor-column-gap-default\">\n\t\t\t\t\t<div class=\"elementor-column elementor-col-100 elementor-top-column elementor-element elementor-element-6160b70\" data-id=\"6160b70\" data-element_type=\"column\" data-e-type=\"column\">\n\t\t\t<div class=\"elementor-widget-wrap elementor-element-populated\">\n\t\t\t\t\t\t<div class=\"elementor-element elementor-element-0effe54 elementor-widget elementor-widget-heading\" data-id=\"0effe54\" data-element_type=\"widget\" data-e-type=\"widget\" data-widget_type=\"heading.default\">\n\t\t\t\t<div class=\"elementor-widget-container\">\n\t\t\t\t\t<h2 class=\"elementor-heading-title elementor-size-default\">Terapia Individual<\/h2>\t\t\t\t<\/div>\n\t\t\t\t<\/div>\n\t\t\t\t\t<\/div>\n\t\t<\/div>\n\t\t\t\t\t<\/div>\n\t\t<\/section>\n\t\t\t\t<section class=\"elementor-section elementor-top-section elementor-element elementor-element-83f841b elementor-section-boxed elementor-section-height-default elementor-section-height-default\" data-id=\"83f841b\" data-element_type=\"section\" data-e-type=\"section\">\n\t\t\t\t\t\t<div class=\"elementor-container elementor-column-gap-default\">\n\t\t\t\t\t<div class=\"elementor-column elementor-col-66 elementor-top-column elementor-element elementor-element-ba4b323\" data-id=\"ba4b323\" data-element_type=\"column\" data-e-type=\"column\">\n\t\t\t<div class=\"elementor-widget-wrap elementor-element-populated\">\n\t\t\t\t\t\t<div class=\"elementor-element elementor-element-bd0f10e elementor-widget elementor-widget-text-editor\" data-id=\"bd0f10e\" data-element_type=\"widget\" data-e-type=\"widget\" data-widget_type=\"text-editor.default\">\n\t\t\t\t<div class=\"elementor-widget-container\">\n\t\t\t\t\t\t\t\t\t<p style=\"font-family: Montserrat, sans-serif; font-size: 14px; font-style: normal;\">Cuando estamos en desharmon\u00eda con nosotrxs mismxs, nuestro sistema cuerpo-mente nos lo deja saber de una forma u otra. A veces usa el lenguaje de la depresi\u00f3n. Otras veces son ataques de p\u00e1nico, tensi\u00f3n muscular cr\u00f3nica, o sue\u00f1os recurrentes lo que experimentamos. La terapia individual te ofrece un espacio donde ganar claridad, expandir tu repertorio de recursos personales, y crecer emocionalmente para estar m\u00e1s alineadx con tus valores y aspiraciones.<\/p><p style=\"font-family: Montserrat, sans-serif; font-size: 14px; font-style: normal;\"><strong>Duraci\u00f3n: 50 minutos.<\/strong><\/p><p style=\"font-family: Montserrat, sans-serif; font-size: 14px; font-style: normal;\"><strong>Precio por sesi\u00f3n: 60<span lang=\"en\">\u20ac<\/span> si es online, y 75<span lang=\"en\">\u20ac<\/span> si es presencial.<\/strong><\/p>\t\t\t\t\t\t\t\t<\/div>\n\t\t\t\t<\/div>\n\t\t\t\t\t<\/div>\n\t\t<\/div>\n\t\t\t\t<div class=\"elementor-column elementor-col-33 elementor-top-column elementor-element elementor-element-ea2a20d\" data-id=\"ea2a20d\" data-element_type=\"column\" data-e-type=\"column\">\n\t\t\t<div class=\"elementor-widget-wrap elementor-element-populated\">\n\t\t\t\t\t\t<div class=\"elementor-element elementor-element-19279e0 elementor-widget elementor-widget-image\" data-id=\"19279e0\" data-element_type=\"widget\" data-e-type=\"widget\" data-widget_type=\"image.default\">\n\t\t\t\t<div class=\"elementor-widget-container\">\n\t\t\t\t\t\t\t\t\t\t\t\t\t\t\t<img fetchpriority=\"high\" decoding=\"async\" width=\"837\" height=\"419\" src=\"https:\/\/jasminemurga.com\/wp-content\/uploads\/2024\/02\/iStock-1480545035-1024x512.jpg\" class=\"attachment-large size-large wp-image-1989\" alt=\"\" srcset=\"https:\/\/jasminemurga.com\/wp-content\/uploads\/2024\/02\/iStock-1480545035-1024x512.jpg 1024w, https:\/\/jasminemurga.com\/wp-content\/uploads\/2024\/02\/iStock-1480545035-300x150.jpg 300w, https:\/\/jasminemurga.com\/wp-content\/uploads\/2024\/02\/iStock-1480545035-768x384.jpg 768w, https:\/\/jasminemurga.com\/wp-content\/uploads\/2024\/02\/iStock-1480545035.jpg 1448w\" sizes=\"(max-width: 837px) 100vw, 837px\" \/>\t\t\t\t\t\t\t\t\t\t\t\t\t\t\t<\/div>\n\t\t\t\t<\/div>\n\t\t\t\t\t<\/div>\n\t\t<\/div>\n\t\t\t\t\t<\/div>\n\t\t<\/section>\n\t\t\t\t<section class=\"elementor-section elementor-top-section elementor-element elementor-element-7a331ab elementor-section-boxed elementor-section-height-default elementor-section-height-default\" data-id=\"7a331ab\" data-element_type=\"section\" data-e-type=\"section\">\n\t\t\t\t\t\t<div class=\"elementor-container elementor-column-gap-default\">\n\t\t\t\t\t<div class=\"elementor-column elementor-col-100 elementor-top-column elementor-element elementor-element-651f134\" data-id=\"651f134\" data-element_type=\"column\" data-e-type=\"column\">\n\t\t\t<div class=\"elementor-widget-wrap elementor-element-populated\">\n\t\t\t\t\t\t<div class=\"elementor-element elementor-element-dbb9265 elementor-widget elementor-widget-heading\" data-id=\"dbb9265\" data-element_type=\"widget\" data-e-type=\"widget\" data-widget_type=\"heading.default\">\n\t\t\t\t<div class=\"elementor-widget-container\">\n\t\t\t\t\t<h2 class=\"elementor-heading-title elementor-size-default\">Terapia de Pareja<\/h2>\t\t\t\t<\/div>\n\t\t\t\t<\/div>\n\t\t\t\t\t<\/div>\n\t\t<\/div>\n\t\t\t\t\t<\/div>\n\t\t<\/section>\n\t\t\t\t<section class=\"elementor-section elementor-top-section elementor-element elementor-element-2024296 elementor-section-boxed elementor-section-height-default elementor-section-height-default\" data-id=\"2024296\" data-element_type=\"section\" data-e-type=\"section\">\n\t\t\t\t\t\t<div class=\"elementor-container elementor-column-gap-default\">\n\t\t\t\t\t<div class=\"elementor-column elementor-col-66 elementor-top-column elementor-element elementor-element-6701128\" data-id=\"6701128\" data-element_type=\"column\" data-e-type=\"column\">\n\t\t\t<div class=\"elementor-widget-wrap elementor-element-populated\">\n\t\t\t\t\t\t<div class=\"elementor-element elementor-element-8d97bb1 elementor-widget elementor-widget-text-editor\" data-id=\"8d97bb1\" data-element_type=\"widget\" data-e-type=\"widget\" data-widget_type=\"text-editor.default\">\n\t\t\t\t<div class=\"elementor-widget-container\">\n\t\t\t\t\t\t\t\t\t<p style=\"font-family: Montserrat, sans-serif; font-size: 14px; font-style: normal;\">Trabajo con parejas, sea cual sea su configuraci\u00f3n y la etapa en la que se encuentren en su relaci\u00f3n. La terapia de pareja sirve para abordar conversaciones dif\u00edciles sin que terminen escalando o estanc\u00e1ndose. Permite a las parejas entender c\u00f3mo cada integrante ha contribuido, con su historia y a pesar de sus esfuerzos, a alimentar un patr\u00f3n negativo en la relaci\u00f3n, y c\u00f3mo reconstruir una base m\u00e1s s\u00f3lida. Ayuda a las parejas a manejar conflictos o diferencias de forma m\u00e1s efectiva. Las parejas salen de este proceso sinti\u00e9ndose emocionalmente y f\u00edsicamente m\u00e1s conectadas y mejor equipadas para comunicar y hacer frente a futuras adversidades.<\/p><p style=\"font-family: Montserrat, sans-serif; font-size: 14px; font-style: normal;\"><b>Duraci\u00f3n: 80 minutos.<\/b><\/p><p style=\"font-family: Montserrat, sans-serif; font-size: 14px; font-style: normal;\"><b>Precio por sesi\u00f3n: 90<\/b><b><span lang=\"en\"><b>\u20ac<\/b><\/span> si es online, y 110<\/b><span lang=\"en\"><b>\u20ac si es presencial.<\/b><\/span><\/p>\t\t\t\t\t\t\t\t<\/div>\n\t\t\t\t<\/div>\n\t\t\t\t\t<\/div>\n\t\t<\/div>\n\t\t\t\t<div class=\"elementor-column elementor-col-33 elementor-top-column elementor-element elementor-element-c9e7685\" data-id=\"c9e7685\" data-element_type=\"column\" data-e-type=\"column\">\n\t\t\t<div class=\"elementor-widget-wrap elementor-element-populated\">\n\t\t\t\t\t\t<div class=\"elementor-element elementor-element-a3a02f8 elementor-widget elementor-widget-image\" data-id=\"a3a02f8\" data-element_type=\"widget\" data-e-type=\"widget\" data-widget_type=\"image.default\">\n\t\t\t\t<div class=\"elementor-widget-container\">\n\t\t\t\t\t\t\t\t\t\t\t\t\t\t\t<img decoding=\"async\" width=\"837\" height=\"533\" src=\"https:\/\/jasminemurga.com\/wp-content\/uploads\/2024\/02\/iStock-1441595583-1024x652.jpg\" class=\"attachment-large size-large wp-image-1988\" alt=\"\" srcset=\"https:\/\/jasminemurga.com\/wp-content\/uploads\/2024\/02\/iStock-1441595583-1024x652.jpg 1024w, https:\/\/jasminemurga.com\/wp-content\/uploads\/2024\/02\/iStock-1441595583-300x191.jpg 300w, https:\/\/jasminemurga.com\/wp-content\/uploads\/2024\/02\/iStock-1441595583-768x489.jpg 768w, https:\/\/jasminemurga.com\/wp-content\/uploads\/2024\/02\/iStock-1441595583.jpg 1284w\" sizes=\"(max-width: 837px) 100vw, 837px\" \/>\t\t\t\t\t\t\t\t\t\t\t\t\t\t\t<\/div>\n\t\t\t\t<\/div>\n\t\t\t\t\t<\/div>\n\t\t<\/div>\n\t\t\t\t\t<\/div>\n\t\t<\/section>\n\t\t\t\t<section class=\"elementor-section elementor-top-section elementor-element elementor-element-4fa7bad elementor-section-boxed elementor-section-height-default elementor-section-height-default\" data-id=\"4fa7bad\" data-element_type=\"section\" data-e-type=\"section\">\n\t\t\t\t\t\t<div class=\"elementor-container elementor-column-gap-default\">\n\t\t\t\t\t<div class=\"elementor-column elementor-col-100 elementor-top-column elementor-element elementor-element-531c73e\" data-id=\"531c73e\" data-element_type=\"column\" data-e-type=\"column\">\n\t\t\t<div class=\"elementor-widget-wrap elementor-element-populated\">\n\t\t\t\t\t\t<div class=\"elementor-element elementor-element-cf31df0 elementor-widget elementor-widget-heading\" data-id=\"cf31df0\" data-element_type=\"widget\" data-e-type=\"widget\" data-widget_type=\"heading.default\">\n\t\t\t\t<div class=\"elementor-widget-container\">\n\t\t\t\t\t<h2 class=\"elementor-heading-title elementor-size-default\">Terapia con Ni\u00f1os\/Familias<\/h2>\t\t\t\t<\/div>\n\t\t\t\t<\/div>\n\t\t\t\t\t<\/div>\n\t\t<\/div>\n\t\t\t\t\t<\/div>\n\t\t<\/section>\n\t\t\t\t<section class=\"elementor-section elementor-top-section elementor-element elementor-element-d6a6dd3 elementor-section-boxed elementor-section-height-default elementor-section-height-default\" data-id=\"d6a6dd3\" data-element_type=\"section\" data-e-type=\"section\">\n\t\t\t\t\t\t<div class=\"elementor-container elementor-column-gap-default\">\n\t\t\t\t\t<div class=\"elementor-column elementor-col-66 elementor-top-column elementor-element elementor-element-04b96cd\" data-id=\"04b96cd\" data-element_type=\"column\" data-e-type=\"column\">\n\t\t\t<div class=\"elementor-widget-wrap elementor-element-populated\">\n\t\t\t\t\t\t<div class=\"elementor-element elementor-element-ba2e4d8 elementor-widget elementor-widget-text-editor\" data-id=\"ba2e4d8\" data-element_type=\"widget\" data-e-type=\"widget\" data-widget_type=\"text-editor.default\">\n\t\t\t\t<div class=\"elementor-widget-container\">\n\t\t\t\t\t\t\t\t\t<p style=\"font-family: Montserrat, sans-serif; font-size: 14px; font-style: normal;\">Trabajo con ni\u00f1os y adolescentes que presentan comportamientos desafiantes o agresivos, miedos excesivos, probemas de atenci\u00f3n y\/o hyperactividad, s\u00edntomas depresivos, o ansiedad por ejemplo. Ayudo a familias que se encuentran en diferentes fases de su ciclo, a tomar consciencia de las din\u00e1micas y roles que a lo mejor se han rigidizado con el tiempo, dando lugar a expresiones sintom\u00e1ticas por parte de uno o varios miembros. Es decir, entiendo los s\u00edntomas como intentos de comunicaci\u00f3n cuando las palabras nos fallan. La terapia de familia presenta una oportunidad \u00fanica de sanar heridas intergeneracionales.<\/p>\n<p style=\"font-family: Montserrat, sans-serif; font-size: 14px; font-style: normal;\"><strong>Duraci\u00f3n: 80 minutos.<\/strong><\/p>\n<p style=\"font-family: Montserrat, sans-serif; font-size: 14px; font-style: normal;\"><strong>Precio por sesi\u00f3n: a partir de 90<span lang=\"en\">\u20ac<\/span> si es online, y 110<span lang=\"en\">\u20ac si es presencial <\/span>(dependiendo del n\u00famero de participantes).<\/strong><\/p>\t\t\t\t\t\t\t\t<\/div>\n\t\t\t\t<\/div>\n\t\t\t\t\t<\/div>\n\t\t<\/div>\n\t\t\t\t<div class=\"elementor-column elementor-col-33 elementor-top-column elementor-element elementor-element-f0a18f7\" data-id=\"f0a18f7\" data-element_type=\"column\" data-e-type=\"column\">\n\t\t\t<div class=\"elementor-widget-wrap elementor-element-populated\">\n\t\t\t\t\t\t<div class=\"elementor-element elementor-element-16da0a0 elementor-widget elementor-widget-image\" data-id=\"16da0a0\" data-element_type=\"widget\" data-e-type=\"widget\" data-widget_type=\"image.default\">\n\t\t\t\t<div class=\"elementor-widget-container\">\n\t\t\t\t\t\t\t\t\t\t\t\t\t\t\t<img decoding=\"async\" width=\"837\" height=\"593\" src=\"https:\/\/jasminemurga.com\/wp-content\/uploads\/2024\/02\/dreamstime_m_131728557-1024x726.jpg\" class=\"attachment-large size-large wp-image-1987\" alt=\"\" srcset=\"https:\/\/jasminemurga.com\/wp-content\/uploads\/2024\/02\/dreamstime_m_131728557-1024x726.jpg 1024w, https:\/\/jasminemurga.com\/wp-content\/uploads\/2024\/02\/dreamstime_m_131728557-300x213.jpg 300w, https:\/\/jasminemurga.com\/wp-content\/uploads\/2024\/02\/dreamstime_m_131728557-768x544.jpg 768w, https:\/\/jasminemurga.com\/wp-content\/uploads\/2024\/02\/dreamstime_m_131728557-1536x1089.jpg 1536w, https:\/\/jasminemurga.com\/wp-content\/uploads\/2024\/02\/dreamstime_m_131728557-2048x1452.jpg 2048w\" sizes=\"(max-width: 837px) 100vw, 837px\" \/>\t\t\t\t\t\t\t\t\t\t\t\t\t\t\t<\/div>\n\t\t\t\t<\/div>\n\t\t\t\t\t<\/div>\n\t\t<\/div>\n\t\t\t\t\t<\/div>\n\t\t<\/section>\n\t\t\t\t<section class=\"elementor-section elementor-top-section elementor-element elementor-element-1c906bf elementor-section-boxed elementor-section-height-default elementor-section-height-default\" data-id=\"1c906bf\" data-element_type=\"section\" data-e-type=\"section\">\n\t\t\t\t\t\t<div class=\"elementor-container elementor-column-gap-default\">\n\t\t\t\t\t<div class=\"elementor-column elementor-col-100 elementor-top-column elementor-element elementor-element-8a7f0cb\" data-id=\"8a7f0cb\" data-element_type=\"column\" data-e-type=\"column\">\n\t\t\t<div class=\"elementor-widget-wrap elementor-element-populated\">\n\t\t\t\t\t\t<section class=\"elementor-section elementor-inner-section elementor-element elementor-element-bca3994 elementor-section-boxed elementor-section-height-default elementor-section-height-default\" data-id=\"bca3994\" data-element_type=\"section\" data-e-type=\"section\">\n\t\t\t\t\t\t<div class=\"elementor-container elementor-column-gap-default\">\n\t\t\t\t\t<div class=\"elementor-column elementor-col-50 elementor-inner-column elementor-element elementor-element-ec6657b\" data-id=\"ec6657b\" data-element_type=\"column\" data-e-type=\"column\">\n\t\t\t<div class=\"elementor-widget-wrap\">\n\t\t\t\t\t\t\t<\/div>\n\t\t<\/div>\n\t\t\t\t<div class=\"elementor-column elementor-col-50 elementor-inner-column elementor-element elementor-element-cd4498e\" data-id=\"cd4498e\" data-element_type=\"column\" data-e-type=\"column\">\n\t\t\t<div class=\"elementor-widget-wrap\">\n\t\t\t\t\t\t\t<\/div>\n\t\t<\/div>\n\t\t\t\t\t<\/div>\n\t\t<\/section>\n\t\t\t\t\t<\/div>\n\t\t<\/div>\n\t\t\t\t\t<\/div>\n\t\t<\/section>\n\t\t\t\t<\/div>\n\t\t","protected":false},"excerpt":{"rendered":"<p>A continuaci\u00f3n encontrar\u00e1s una descripci\u00f3n de las tres modalidades de servicios terap\u00e9uticos que ofrezco y las tarifas correspondientes. Cuando selecciones tu cita, puedes elegir si quieres acudir de forma presencial u online. Las videollamadas de teleterapia se realizan a trav\u00e9s de una plataforma segura llamada DocFav. La terapia online o teleterapia tiene muchas ventajas pero <a class=\"read-more\" href=\"https:\/\/jasminemurga.com\/?page_id=37\">READ MORE<\/a><\/p>\n","protected":false},"author":1,"featured_media":0,"parent":0,"menu_order":0,"comment_status":"closed","ping_status":"closed","template":"","meta":{"footnotes":""},"class_list":["post-37","page","type-page","status-publish","hentry"],"_links":{"self":[{"href":"https:\/\/jasminemurga.com\/index.php?rest_route=\/wp\/v2\/pages\/37","targetHints":{"allow":["GET"]}}],"collection":[{"href":"https:\/\/jasminemurga.com\/index.php?rest_route=\/wp\/v2\/pages"}],"about":[{"href":"https:\/\/jasminemurga.com\/index.php?rest_route=\/wp\/v2\/types\/page"}],"author":[{"embeddable":true,"href":"https:\/\/jasminemurga.com\/index.php?rest_route=\/wp\/v2\/users\/1"}],"replies":[{"embeddable":true,"href":"https:\/\/jasminemurga.com\/index.php?rest_route=%2Fwp%2Fv2%2Fcomments&post=37"}],"version-history":[{"count":407,"href":"https:\/\/jasminemurga.com\/index.php?rest_route=\/wp\/v2\/pages\/37\/revisions"}],"predecessor-version":[{"id":3734,"href":"https:\/\/jasminemurga.com\/index.php?rest_route=\/wp\/v2\/pages\/37\/revisions\/3734"}],"wp:attachment":[{"href":"https:\/\/jasminemurga.com\/index.php?rest_route=%2Fwp%2Fv2%2Fmedia&parent=37"}],"curies":[{"name":"wp","href":"https:\/\/api.w.org\/{rel}","templated":true}]}}